 - 3. Determine c(5).
-8
Let m(s) = s - 23. Give m(11).
-12
Let t(m) = 22*m**2 - m - 2. Give t(-1).
21
Let o(k) = -2*k**2 + 35*k - 117. Give o(4).
-9
Let o(n) = -n**2 + 7*n + 5. Calculate o(8).
-3
Let p(u) = u**3 + 8*u**2 + 1. What is p(-8)?
1
Let k(j) = j**2 + 3*j - 4. Determine k(-3).
-4
Let s(l) = -l**2 - 3*l + 1. Give s(6).
-53
Let f(o) = -o**2 + 4*o + 16. Determine f(5).
11
Let i(y) = -y**3 - 7*y**2 + 11*y + 47. Give i(-7).
-30
Let z(r) = -2*r - 9. What is z(-7)?
5
Let b(h) = -2*h - 30. Give b(8).
-46
Let z(v) = 2*v**2 - 14*v + 15. What is z(6)?
3
Let k(x) = -x**2 - x + 15. Calculate k(-6).
-15
Let x(c) = c**3 - 2*c**2 - 23. Give x(4).
9
Let n(m) = -m**3 - 8*m**2 + m + 4. Give n(-8).
-4
Let m(f) = f - 5. Give m(2).
-3
Let y(n) = -2*n + 4. Determine y(5).
-6
Let f(u) = -2*u**2 + 9*u + 40. Determine f(7).
5
Let m(i) = -i**2 + 42*i + 101. What is m(44)?
13
Let f(u) = -u**3 + 14*u**2 + 7*u - 54. Calculate f(14).
44
Let f(j) = -j**3 + 6*j**2 - 3*j + 22. Give f(6).
4
Let d(q) = q**3 + 17*q**2 + 14. What is d(-17)?
14
Let k(s) = -s - 6. Determine k(-11).
5
Let x(o) = o - 14. Give x(27).
13
Let m(i) = i**2 - 6*i - 19. Determine m(8).
-3
Let l(w) = -4*w**2 - 27*w - 22. Determine l(-6).
-4
Let l(p) = -p**2 - 18*p + 47. Calculate l(-20).
7
Let q(a) = a + 6. What is q(-5)?
1
Let o(v) = v**3 + 2*v**2 - 4*v - 2. Give o(3).
31
Let c(q) = -q**2 - 11*q - 12. What is c(-11)?
-12
Let d(h) = h**2 + 7*h - 24. What is d(3)?
6
Let s(l) = 3*l - 27. Determine s(6).
-9
Let g(c) = c**2 - 7*c - 10. Give g(8).
-2
Let u(n) = 15*n - 134. Calculate u(9).
1
Let i(f) = 2*f**3 + 2*f**2 + 8*f + 7. Give i(-3).
-53
Let f(p) = 6*p**3 - 3*p**2 + 2*p - 4. Determine f(2).
36
Let h(j) = 17*j + 5. Calculate h(-3).
-46
Let y(m) = -m**2 - 15*m - 7. What is y(-13)?
19
Let k(q) = -q**3 + 7*q**2 - 7*q + 5. What is k(7)?
-44
Let o(v) = v**3 + 5*v**2 - 9*v - 1. Determine o(-7).
-36
Let g(d) = d**3 - 19*d**2 - d + 28. What is g(19)?
9
Let j(p) = -p**3 - 29*p**2 + 95*p - 19. Calculate j(-32).
13
Let u(a) = 4*a - 5. Give u(-8).
-37
Let k(c) = 29*c + 2. What is k(3)?
89
Let u(g) = 7*g - 1. Give u(-4).
-29
Let m(h) = h**3 + 8*h**2 - 9*h - 6. What is m(-9)?
-6
Let i(r) = r - 26. What is i(7)?
-19
Let f(s) = 45*s + 265. Give f(-6).
-5
Let z(t) = -28*t - 91. Determine z(-3).
-7
Let x(j) = j**2 + 2*j + 1. Calculate x(-1).
0
Let m(w) = 42*w. What is m(-1)?
-42
Let k(g) = g**2 + 20*g - 15. What is k(-21)?
6
Let n(r) = -3*r - 8. What is n(-6)?
10
Let g(k) = k**2 - 9*k - 12. What is g(12)?
24
Let z(u) = -37*u - 39. What is z(-1)?
-2
Let g(d) = 8*d - 56. What is g(7)?
0
Let d(t) = t**2 + 4*t + 9. What is d(-4)?
9
Let r(m) = -62*m**3 + m**2 - m - 2. What is r(-1)?
62
Let v(h) = h**3 - 13*h**2 + 29*h + 15. What is v(10)?
5
Let f(z) = -z**3 - z - 34. Determine f(0).
-34
Let m(i) = 10*i + 59. Give m(-5).
9
Let j(g) = -5*g - 15. Determine j(8).
-55
Let o(q) = 2*q**2 - 11*q + 5. Give o(8).
45
Let t(a) = -a**3 + 30*a**2 + 13*a - 391. What is t(30)?
-1
Let k(z) = -32*z - 641. What is k(-20)?
-1
Let s(a) = -2*a**3 - 16*a**2 - 11*a + 28. Give s(-7).
7
Let o(m) = -m + 23. Calculate o(23).
0
Let i(t) = 5*t - 32. What is i(8)?
8
Let v(m) = 10*m - 46. What is v(5)?
4
Let o(p) = -p**3 - 19*p**2 + 92*p + 14. Give o(-23).
14
Let s(u) = u**3 + 5*u**2 - 6*u - 3. Determine s(-6).
-3
Let j(y) = y**2 - 6*y - 5. Determine j(6).
-5
Let n(x) = 2*x - 58. Give n(27).
-4
Let u(m) = -2*m. Calculate u(9).
-18
Let o(q) = 9*q - 9. Give o(3).
18
Let f(h) = -2*h + 20. Calculate f(7).
6
Let q(a) = 3*a**3 - 6*a**2 - 7*a + 3. Determine q(3).
9
Let l(a) = 2*a**2 - 3*a - 2. Determine l(0).
-2
Let c(d) = -5*d**2 - 50*d - 13. Determine c(-8).
67
Let d(x) = 2*x**3 + 13*x**2 - 23*x + 19. What is d(-8)?
11
Let x(n) = 61*n**3 - 2*n**2 - n. Give x(-1).
-62
Let i(h) = h + 11. Determine i(-15).
-4
Let w(g) = 54*g + 160. What is w(-3)?
-2
Let d(m) = -8*m**2 - 4*m - 2. What is d(-2)?
-26
Let f(v) = -2*v**2 - 2*v + 3. Determine f(-3).
-9
Let m(r) = r**3 + 16*r**2 + 15*r + 17. What is m(-15)?
17
Let t(u) = -u**3 + 10*u**2 - 6*u + 20. Give t(10).
-40
Let i(y) = y + 7. Give i(-13).
-6
Let z(i) = -89*i + 364. Determine z(4).
8
Let g(q) = 16*q + 3. Give g(-2).
-29
Let x(h) = -114*h + 685. Give x(6).
1
Let a(g) = g**2 - 7*g. Determine a(6).
-6
Let x(z) = z**2 + 10*z + 24. Give x(-7).
3
Let r(i) = 15*i - 6. Calculate r(-5).
-81
Let p(g) = g**3 - 8*g**2 + 11*g + 11. Calculate p(6).
5
Let w(v) = v**3 + 7*v + 21. Determine w(-2).
-1
Let l(v) = -v**3 + 26*v**2 - 119*v - 14. Calculate l(20).
6
Let w(m) = m**3 + m**2 - 6*m - 1. Calculate w(-3).
-1
Let c(j) = 16*j - 20. What is c(2)?
12
Let o(l) = -17*l + 190. Give o(11).
3
Let l(k) = -2*k**2 + 44*k - 6. What is l(22)?
-6
Let h(q) = -8*q**3 + 3*q**2 - 2*q - 1. Determine h(2).
-57
Let m(d) = -d + 39. Determine m(7).
32
Let g(c) = 35*c + 817. Give g(-23).
12
Let d(o) = -6*o**2 - 8*o - 4. Determine d(-3).
-34
Let a(n) = -3*n**2 - 1. Determine a(-1).
-4
Let o(s) = s**3 - 6*s**2 - 11*s + 20. What is o(8)?
60
Let z(a) = -a**2 + 11*a - 4. Determine z(10).
6
Let i(r) = -r**3 - 14*r**2 - 2*r - 10. Give i(-14).
18
Let o(g) = g**3 + 3*g**2 - 10*g - 6. Determine o(-4).
18
Let x(r) = -4*r + 8. Determine x(-9).
44
Let g(r) = 3*r**2 - 23*r - 4. What is g(8)?
4
Let l(i) = -i**2 - 8*i - 7. Determine l(-6).
5
Let g(m) = -2*m**3 + m**2 + m - 4. Give g(-3).
56
Let a(m) = 72*m + 223. Give a(-3).
7
Let w(t) = 67*t - 262. Calculate w(4).
6
Let i(m) = -m**2 - 10*m + 1. Calculate i(-11).
-10
Let c(i) = i**3 + 8*i**2 - 3*i - 4. Give c(-8).
20
Let w(y) = -y**3 + 8*y**2 - 6*y + 4. Determine w(4).
44
Let g(p) = 54*p - 1404. Give g(26).
0
Let h(w) = w**2 + 2*w + 6. What is h(-4)?
14
Let h(b) = -b + 21. Calculate h(12).
9
Let u(f) = -f**3 + 5*f**2 - 4*f + 4. What is u(4)?
4
Let q(c) = -c - 7. Calculate q(-6).
-1
Let d(k) = -9*k + 4. What is d(-2)?
22
Let x(i) = -i**2 + 8*i + 1. Determine x(8).
1
Let a(m) = -m**3 - m - 12. Give a(0).
-12
Let w(m) = m + 8. Determine w(-11).
-3
Let q(w) = w**2 + 12*w + 3. Calculate q(-13).
16
Let p(j) = 3*j**2 + j. Give p(1).
4
Let v(l) = l**3 + 8*l**2 + 33*l + 252. What is v(-8)?
-12
Let g(h) = h**3 - 6*h**2 - 7*h + 5. Give g(7).
5
Let j(h) = h**2 + 10*h - 3. Give j(-11).
8
Let r(n) = -n**2 + 6*n - 4. What is r(10)?
-44
Let g(x) = 8*x - 154. What is g(19)?
-2
Let d(t) = t**3 - 8*t**2 + 7*t + 9. Give d(7).
9
Let p(r) = -2*r**2 + 19*r - 11. What is p(9)?
-2
Let l(c) = c**2 - 22*c - 35. Determine l(24).
13
Let a(j) = j**3 + 4*j**2 - 9*j + 12. Determine a(-6).
-6
Let s(c) = c - 22. Calculate s(8).
-14
Let g(n) = n**3 - 33*n**2 - 37*n + 101. Calculate g(34).
-1
Let p(i) = i**2 + 15*i + 18. Calculate p(-16).
34
Let h(f) = -8*f - 1. What is h(-3)?
23
Let s(w) = w**2 + 5*w - 5. Give s(-8).
19
Let n(f) = -f**2 + 6*f + 7. Give n(8).
-9
Let i(y) = -26*y + 131. Determine i(5).
1
Let r(g) = g**3 + 13*g**2 + 15*g + 22. Calculate r(-12).
-14
Let c(a) = 67*a - 16. What is c(-1)?
-83
Let g(r) = r**2 - 14*r - 8. Calculate g(15).
7
Let a(q) = 41*q - 21. Give a(-2).
-103
Let p(g) = -g - 2. Calculate p(12).
-14
Let l(c) = -c**2 - 13*c - 46. Give l(-6).
-4
Let k(d) = 3*d**2 + 3*d - 2. What is k(1)?
4
Let f(c) = -3*c - 3. Give f(-11).
30
Let h(y) = y**2 + 19*y + 8. Give h(-10).
-82
Let n(t) = -t**3 - 10*t**2 + t + 15. Determine n(-10).
5
Let a(n) = -4*n**2 - 3*n + 3. Give a(2).
-19
Let u(t) = -41*t - 300. What is u(-8)?
28
Let i(k) = -k**2 + 25*k - 67. Determine i(3).
-1
Let g(b) = -8*b + 139. What is g(16)?
11
Let k(a) = a**3 + 7*a**2 - 4*a. What is k(-7)?
28
Let v(l) = -l**3 - 6*l**2 + 2. Give v(-5).
-23
Let x(s) = 148*s + 598. What is x(-4)?
6
Let x(p) = -5*p - 107. Determine x(-28).
33
Let x(b) = -8*b - 73. Calculate x(-9).
-1
Let s(b) = -b**2 + 22*b - 17. Determine s(21).
4
Let s(b) = -7*b - 7. Determine s(5).
-42
Let a(x) = x**2 + 2*x. What is a(14)?
224
Let n(a) = -a**2 + 14*a + 43. Give n(15).
28
Let h(s) = -s**2 + 5*s + 15. Give h(8).
-9
Let r(f) = -f**2 + f + 3. Calculate r(-4).
-17
Let t(o) = -18*o**2 + o + 2. Calculate t(-1).
-17
Let j(r) = 2*r**2 - 77*r - 30. Give j(39).
9
Let g(a) = -45*a**3 + 3*a**2 + a - 1. Determine g(1).
-42
Let d(z) = -z**2 - 50*z + 330. Give d(-56).
-6
Let v(h) = -h**3 + 12*h**2 - 17*h + 52. What is v(11)?
-14
Let d(l) = -l**2 - 17*l - 16. Calculate d(-16).
0
Let a(v) = -v**3 - 10*v**2 - 11*v - 5